b. Calculate the highest common divisor of x and 8.
8
Suppose -3*f + 4*l = -22 - 97, -5*f = l - 160. Let j be 1/((-2)/8) + f + -3. Let g = -71 + 123. What is the greatest common factor of g and j?
26
Let z be 3 + 1*45/(-12)*-4. Let r = z - 9. What is the greatest common factor of r and 18?
9
Let m be (-6)/(-9) - 1916/(-6). Suppose 93*r - m = 89*r. Let a(v) = v**2 - 6*v. Let y be a(8). Calculate the highest common divisor of r and y.
16
Let n = 835 + -1339. Let z = n + 513. Let f = -182 + 299. Calculate the greatest common divisor of f and z.
9
Let t = 12 - 6. Suppose 5*d + 3 = t*d. Suppose -29*o - d = -32*o. What is the highest common divisor of 15 and o?
1
Let k(t) = -370*t + 1124. Let h be k(3). What is the highest common divisor of 22 and h?
2
Suppose -w = 11 + 7. Let k be (28/(-3))/(w/81). Calculate the greatest common divisor of k and 210.
42
Let v(y) = -y**2 - 15*y - 49. Let l be v(-6). Calculate the highest common factor of l and 875.
5
Let q = -409 + 408. Let o be (-3)/(3/25)*(q + 0). What is the greatest common factor of 25 and o?
25
Let q be (-142)/((-2)/12*2*-3). Let n = q - -302. What is the highest common divisor of n and 30?
10
Suppose 92 = 187*b - 183*b. Let n = 124 + 337. Let a = n - 208. Calculate the highest common factor of b and a.
23
Suppose 30 = -0*v + 3*v. Let p = 39 - -25. Let c = 6 + p. What is the greatest common factor of v and c?
10
Let p = 320 - 324. Let q be 51*((-80)/12)/p. Calculate the greatest common divisor of 17 and q.
17
Suppose -12 = -3*x, -6 = -3*f + x + 335. Let d = f + -63. Let o be (2/(-4))/((-945)/936 + 1). Calculate the highest common factor of d and o.
52
Suppose 4*o - 5*t - 179 = 0, -4*t + 7*t - 95 = -2*o. Calculate the highest common factor of 667 and o.
23
Let w = -3 - -5. Let d be 701 - (-1)/(6/(-24)). Suppose -4*b = -3*r - 912, -3*r = 3*b - w*r - d. Calculate the greatest common divisor of 21 and b.
21
Let w = 31105 - 30569. Calculate the highest common factor of 1139 and w.
67
Let f(t) = -t**3 - t**2 - 3*t - 4. Let x be f(-2). Let z be (x/(-5) - 0)*-5. Suppose -z*w + 823 = -59. What is the greatest common factor of w and 21?
21
Let g = 14 + -12. Suppose -2*s - 41 = -3*a, -g*s - s + 21 = a. Let n be (3 - 6)*(0 + -25). Calculate the greatest common factor of a and n.
15
Suppose -4*m = -5*r - 27, 4*m - 5*r = 2*m + 11. Suppose 4*s = -m + 32. Let f = -479 - -482. Calculate the highest common factor of s and f.
3
Suppose -12 = 12*l - 11*l. Let q(g) = -38*g - 4. Let m be q(l). Suppose 10*f = 508 + m. What is the greatest common divisor of f and 12?
12
Let y(m) = m + 40. Let a be y(-22). Suppose -5*k + 596 = 4*w, -a*w - 5*k - 124 = -19*w. Calculate the highest common factor of w and 504.
72
Let v be 24/(-27) + 19264/288. What is the highest common factor of 42 and v?
6
Let t be (1 - -9)*(5/(-10) + 1). Suppose t*z + 322 = 6*z. What is the highest common divisor of z and 14?
14
Suppose 245*n - 3185 = 2374 + 1791. What is the greatest common divisor of 15250 and n?
10
Let v be (-7)/((-28)/20)*1. Suppose v*x = q - 4*q + 759, 0 = 5*x - 5*q - 735. What is the greatest common divisor of x and 225?
75
Let x(v) = 6*v + 6 + 15*v**2 - 31*v**2 + 10*v**2 - v**3. Let m be x(-6). Let q = m + 56. Calculate the highest common divisor of q and 26.
26
Let s be (-106)/((7/(-2))/7). Calculate the greatest common divisor of 6413 and s.
53
Let j be ((-12)/(-18))/(40/8400). Suppose 0 = 4*m - 0*m - 164. Suppose -c + m = 13. What is the highest common factor of j and c?
28
Let l(j) = 2*j**2 - j + 6. Let b be l(0). Suppose 16 - b = 5*h. Suppose -4*s = f - 22, h*s - 146 = 3*f - 8*f. Calculate the highest common factor of 10 and f.
10
Suppose 15*s - 13*s = 2. Let f be -10*(1 + s + 9/(-2)). Suppose 0 = -f*i + 26*i - 16. Calculate the highest common divisor of 16 and i.
16
Let u(n) = 9*n - 22. Let l(y) = -21*y + 44. Let p(r) = 2*l(r) + 5*u(r). Let t be p(18). Calculate the highest common factor of t and 192.
32
Let p = 4925 + -2861. Calculate the greatest common factor of p and 48.
48
Let l = 1 - -4. Let m = -1667 - -1622. Let o be (-3)/l + (-72)/m. What is the greatest common factor of o and 1?
1
Suppose 15 = 8*c - 3*c. Suppose 4*f + c*s = 9, 5*f - 2 = 3*f - 4*s. Let z be f/(-15) + (-180)/(-25). What is the greatest common divisor of z and 21?
7
Suppose -22 = -2*v - 16. Let s be (-1 - v - -222) + 4. What is the highest common divisor of s and 37?
37
Let l(c) = -c**3 + 18*c**2 + 36*c + 171. Let w be l(20). What is the greatest common divisor of 13 and w?
13
Let m(o) = -o + 10. Let n be m(5). Suppose f - 47 = -3*p, 2*f - n*f = -3*p + 39. Let u = 30 - p. Calculate the greatest common factor of 150 and u.
15
Let z be 2 + 15/(-6) - 2/(-4). Suppose z = 15*j - 3059 - 4381. Suppose j = 5*u - 54. What is the highest common divisor of u and 22?
22
Let y be (13 - 1) + 0 + 1. Let s be ((-76 - -50) + -13)/(1 - 4). What is the highest common divisor of y and s?
13
Suppose -16 = -5*m - 3*y - 0*y, 2*m - 3*y = 19. Suppose -17 = -m*t + 3*r - 4*r, 3*t = -4*r. Calculate the highest common factor of 68 and t.
4
Let x be (-1)/(-3)*(-4 - (1 - 23)). Let s be 2 + (x/3 - -1). Suppose -w - 4*t = 2*w - 110, -s*t = 2*w - 85. Calculate the highest common factor of 20 and w.
10
Let n be ((-25)/(-10))/((-2)/(-4)). Suppose -v = -h - 2*h - 60, 0 = n*h - v + 102. Let f = h - -45. What is the greatest common factor of f and 8?
8
Let g = -6 - -9. Let u be ((-13)/(286/4))/((-1)/11). Suppose -2*p - 44 = -g*t, -u*t + 2*p + 3 = -29. What is the greatest common factor of 108 and t?
12
Let q(g) = g**3 + 56*g**2 + 396*g - 91. Let p be q(-47). Calculate the highest common divisor of p and 285.
19
Let i be (-1 - -1077)*(-962)/(-728) - (-31)/217. What is the highest common factor of 1501 and i?
79
Suppose -5*q + 2*h + 142774 = -2185, -3*h - 115963 = -4*q. Calculate the greatest common factor of 367 and q.
367
Let g(b) = b**3 - 5*b**2 + 6*b + 8. Let f be g(4). What is the highest common divisor of 24 and f?
8
Let h be (-1 - 8)/(-12 + 81/9). Let y(v) = -v**3 - v**2 + v + 27. Let j be y(0). What is the greatest common divisor of j and h?
3
Let n(l) = -9*l**2 + 312*l + 119. Let a be n(35). Calculate the highest common divisor of a and 3521.
7
Let v(k) = 278*k**2 - k - 2. Let y be v(-1). Let n = y - 161. What is the highest common factor of n and 29?
29
Let z be (((-9020)/(-66))/(-82))/(10/(-756)). Let r(a) = -36*a. Let x be r(-1). Calculate the greatest common factor of x and z.
18
Let q = 645 - 640. What is the highest common factor of 2195 and q?
5
Let h be 4/(-6)*-2*24. Let z be (-18)/(-45) + 7/(35/278). Calculate the greatest common divisor of z and h.
8
Suppose -5*z = t - 363, z + 225 = 4*z + 3*t. Let p(u) = 2*u**2 - 29*u - 348. Let g be p(24). What is the greatest common factor of z and g?
36
Let t = 2 + 12. Let x(g) be the second derivative of -g**4/12 + 7*g**3/6 - 3*g**2/2 - 26*g. Let s be x(5). What is the greatest common divisor of t and s?
7
Let z(k) = 74*k + 5. Let d be z(2). Let o = -123 + d. What is the greatest common factor of 80 and o?
10
Let k(z) = 7*z - 3. Let j be k(3). Let m = -1375 - -1387. What is the highest common factor of j and m?
6
Suppose -11*g + 7737 = 3579. Calculate the greatest common factor of 42 and g.
42
Suppose -5*g + 1133*k = 1134*k - 43, -5*g - 4*k + 67 = 0. What is the highest common factor of 81 and g?
1
Suppose l = -0*l + 32. Let k(f) be the first derivative of -9*f**2 - 2*f - 6. Let o be k(-1). What is the highest common divisor of l and o?
16
Suppose -38*l = -2307 - 7602 - 959. Suppose -k + 3*c + 318 = 3*k, 2*k = 2*c + 160. Calculate the highest common divisor of k and l.
26
Let f(q) = 54*q**2 - 2*q - 9. Let y be f(2). What is the greatest common factor of 319 and y?
29
Suppose -9*c - 30 = -11*c. Let r be 414/27 + 10/c. Calculate the highest common divisor of r and 128.
16
Suppose 117*q - 80*q = 666. What is the greatest common factor of 184 and q?
2
Suppose 39*j - 42*j + 354 = b, -5*b - 5*j + 1750 = 0. Calculate the greatest common divisor of 1332 and b.
12
Suppose 0 = 3*a - x - 172, -5*a + 95 = 5*x - 185. What is the highest common factor of 51 and a?
3
Suppose -2*w - n = -3, 1 = -2*w - 5*n - 0. Suppose 2*o + 4 = 0, o + w = -4*h - 4*o. What is the highest common divisor of h and 34?
2
Let m = 101 - 48. Suppose -3*s = x - 250, -x +